k)?
5
Suppose -4*i + 4*p + 278 = 306, -5*i + 64 = 4*p. Let s(n) be the second derivative of -n**3/2 + 3*n**2 + n. Calculate s(i).
-6
Let u(s) = 13*s**2 - 397 + 13*s + 800 + s**3 - 393 + 12*s**2 + 138*s. Give u(-15).
-5
Let y(a) be the third derivative of -a**7/840 - a**6/360 - a**5/120 + 5*a**4/4 - 34*a**3/3 + 97*a**2. Let x(t) be the first derivative of y(t). Determine x(0).
30
Let z(p) = -1580*p - 331793. Let u be z(-210). Let l(h) = -h**2 + h - 1. Let g(y) = -6*y**2 + 10*y - 2. Let f(b) = g(b) - 5*l(b). What is f(u)?
-11
Suppose 8*s - 3*s = -2*f - 3, -3*f - 4*s = -6. Suppose -f*g + 21 = g. Let n(i) = -g*i + 6*i - 4*i. Give n(7).
-7
Let q(f) = -3*f**3 - 48*f**2 - 117*f + 17. Let k be q(-13). Let w(j) = -j**3 + 16*j**2 + 16*j + 14. Determine w(k).
-3
Let g(u) = -2*u + 8. Let z(m) = 3*m - 12. Let v(h) = -7*g(h) - 5*z(h). Suppose 3782*b = 3797*b - 105. Calculate v(b).
-3
Let h(j) = -2*j + 191*j**2 - 40 + j + 0*j**3 - j**3 - 183*j**2. What is h(7)?
2
Let m(k) = -32. Let p(o) be the first derivative of -o**2/2 - 64*o + 253. Let n(j) = -5*m(j) + 2*p(j). Calculate n(17).
-2
Let f(o) = -123*o + 298. Let d(p) = -154*p + 299. Let s(q) = 5*d(q) - 6*f(q). Determine s(-9).
-5
Let u be (4*4/(-12))/((-4)/114). Let a = 39 - u. Let x be (-48 + 49)/(-2*a/(-14)). Let n(j) = -j**2 + 6*j + 9. Give n(x).
2
Suppose t = -t + 2*a + 14, 2*t + 5*a = -14. Suppose 0 = 27*s - 407 + 191. Let b(j) = -t + 12*j - s*j - 6*j. Give b(-7).
11
Let s = 13 + -21. Let l = s - -5. Let a(p) = p**2 - 41*p + 114*p - 28*p - 47*p - 1 - 2*p**2. What is a(l)?
-4
Let o(s) be the second derivative of -s**3/3 + 9*s**2/2 + 388*s - 2. Suppose 16 = 8*d - 4*d. Give o(d).
1
Let d(x) = -43*x - 339. Let k(r) = -731*r + 723. Let y be k(1). Determine d(y).
5
Let r(y) = y - 6. Let v = 50 - -127. Let l = 182 - v. Calculate r(l).
-1
Let s(f) = -f**2 + 6*f + 7. Let m = 28 + -25. Suppose -m*x - 5*p - 16 = 0, -2*x - 4 = -p - 15. Let z be (1 + (-2)/x)/(1/18). Determine s(z).
7
Suppose 5*r + 309 = 4*r + 291. Let v(k) = -2*k**2 - 35*k + 7. Determine v(r).
-11
Let b(m) = -2*m**2 + 7*m**3 - 2*m + 1 - 4 - 9*m**3. Let n = -3 + 19. Let l be (1/(-2))/(68/n - 4). Give b(l).
9
Let o(f) = -29 - 38*f + 8 - 6*f + 20. Determine o(-1).
43
Let x(u) = -4*u**2 - 212*u - 407. Let n be x(-51). Let y(w) = w + 8. Calculate y(n).
9
Let n(b) = 2*b**2 - 38*b + 22. Let a(d) = 6*d**2 - 110*d + 65. Let z(g) = -4*a(g) + 11*n(g). Determine z(9).
18
Let w(r) = 3*r - 477 + 480 + 2*r. Let s be 3762/(-969) - (-2)/(-17). Calculate w(s).
-17
Let v(u) = -23*u - 54. Let f(j) = -47*j - 107. Let l(y) = 3*f(y) - 5*v(y). Determine l(-2).
1
Suppose 5*k = -3*u + 75, 5*u - 50 = k + 47. Let g be (-8 - -24)*5/u. Let f(d) be the first derivative of d**3/3 - 2*d**2 - 3*d - 1. Determine f(g).
-3
Suppose -2507 = -17*x + 774. Suppose -190*v = -x*v - 12. Let q(m) = 2 - m**3 - 3*m + 4*m - 5*m**2 + 0*m**2 - 4*m. Give q(v).
-2
Let k(s) = 42*s + 1. Let b(p) = -p**2 - 42*p - 1. Let f(i) = 2*b(i) + 3*k(i). Let j be f(21). Let n(u) = -4*u. What is n(j)?
-4
Let h(g) = 8*g**3 - 8*g**2 - 15*g + 6. Let r(z) = 2*z**3 + z**2 - 2*z + 1. Let c(l) = -h(l) + 5*r(l). Give c(-6).
5
Let h(f) be the second derivative of -3*f**3/2 + 56*f**2 + 34*f - 68. Calculate h(12).
4
Suppose -2*y + 4 = 2*t, 0 = 3*t - 2*y - y - 36. Let x(q) = -3*q - q - 35 - t*q**2 + 19 + 14. Determine x(-2).
-22
Let q(n) = -n**3 + 11*n**2 - 11*n + 11. Suppose 3*a + 3*a = 720. Let r be (a/(-18))/(6/(-9)). Calculate q(r).
1
Let i(s) = -s**2 - 9*s + 6. Let n be (-2)/(-6)*(-5)/((-20)/216). Let h be 97/9 + 4/n. Suppose -h*p - 138 = -28. Calculate i(p).
-4
Suppose 44*q = -12*q - 15*q + 923. Let w(i) = -i**2 + 13*i + 36. Calculate w(q).
36
Let l(k) = -8*k - 55. Suppose 86*a + 321 + 409 = 214. What is l(a)?
-7
Let j(k) = -k + 1. Suppose -398 = 4*h - w, 2*w - 202 = h + h. Let d = h - -90. Calculate j(d).
10
Let q(v) = v**2 - 11*v - 1. Let l(u) = u**2 - 11*u. Let w(x) = -4*l(x) + 5*q(x). Suppose 469 - 392 = 7*s. Let d be s/(-4)*2*(87 - 89). Give w(d).
-5
Let n(s) = -2*s**2 + 2*s - 1. Suppose 43 = 4*f - 5*d - 41, 2*f = 4*d + 36. Let u(p) = 14*p - 55*p + 23*p + 22*p + f. Let a be u(-6). What is n(a)?
-5
Let w(b) = 2*b**2 + 26*b - 34. Let t be w(-15). Suppose z - t = 3*f, 0 = -48*f + 46*f + 5*z. Let s(c) = -c**2 - 9*c - 12. What is s(f)?
-22
Let s(f) = 6*f**2 - 19*f + 13. Let y be s(8). Let b = -240 + y. Let h(x) be the second derivative of x**4/12 - 7*x**3/6 + 3*x**2/2 + x. What is h(b)?
-7
Suppose 3*f - 2*w = -1, 5*f + 15*w - 17*w = 5. Let c(q) = -4*q - 3 + f - 1 + q**2 + q - q. Give c(3).
-4
Let h be (3 - 8/3) + (-84)/(-72)*-2. Let a(k) be the second derivative of k**4/6 - k. Give a(h).
8
Suppose -v - 5*v + 24 = 0. Suppose -v*y = -6*y - 4. Let q(f) = 2*f + f**3 - 17*f**2 - f + 19*f**2 - 2. Give q(y).
-4
Let w(o) = o**3 - 4*o**2 - o - 1. Suppose 267 + 57 = 9*y. Suppose -z + y = 2*z. Suppose -2*j + z = j. Give w(j).
-5
Let j(a) = a**2 + 24*a - 18. Let r = -109 + 84. Let f be j(r). Let d(w) = w**2 - 9*w + 7. Determine d(f).
-7
Let k(l) be the first derivative of l**4/4 - 34*l**3/3 - 37*l**2/2 + 75*l - 3028. Calculate k(35).
5
Let c(g) = -g**3 + 25*g**2 + 85*g - 24. Let o be c(28). Let j(a) = -6 + 18*a + a**2 - 31*a + 2 - o. Determine j(14).
6
Suppose -3*x - 30 = 2*x. Let f(d) = 53 - 159 - 12 + 60 - 19*d + 55 - 3*d**2. What is f(x)?
3
Let q = 14 - 6. Let w(i) = 41 + i - 1 - 16 - 13. Determine w(q).
19
Let o(y) = -y - 16. Let w = 475 - 522. Let l = -69 - w. Give o(l).
6
Let u(c) = c**2 + 6*c + 3. Suppose 3*n + 65 = 269. Suppose 17*a + n = 19*a. Let g be (-1800)/306 - 4/a. What is u(g)?
3
Let j(f) be the third derivative of f**5/60 + f**4/8 - 35*f**3/6 - 5*f**2 + 381*f. What is j(5)?
5
Let l(w) = -50*w**3 + 63*w**2 - 51*w - 64. Let m(j) = 13*j**3 - 16*j**2 + 13*j + 16. Let v(u) = -6*l(u) - 23*m(u). Give v(9).
-2
Let d(s) be the third derivative of -s**4/8 + 49*s**3/6 - 454*s**2 - 2. Determine d(0).
49
Let w be -1 - -12*6/9. Let h(f) = -8018*f - w - 2 + 8014*f. Determine h(-4).
7
Let c = 62462 + -62457. Let o(v) be the first derivative of -v**3/3 + 2*v**2 - 1. Determine o(c).
-5
Let k(c) = -c - 89. Let o = 9279 - 9310. Give k(o).
-58
Let t(p) = 2*p - 3. Suppose -3*k + 4*b + 2 = 0, 3*k = -9*b + 4*b + 11. Suppose 0 = 2*w - k*h + 6, 3*w + 4*h = 2*h - 24. Determine t(w).
-15
Let h(s) = -48*s + 20. Let l(c) = -434*c + 181. Let z(x) = 9*h(x) - l(x). Let v be 3/1*(-4)/6. Let m = -3 - v. Determine z(m).
-3
Let j(h) = 4*h + 12. Let o be ((-288)/(-162))/(-4) + 68/(-9). Determine j(o).
-20
Let j = -15 + 17. Suppose 0 = 7*m - j*m - 10. Let a(b) = 2*b**3 - 3*b**2 - 4*b + 5*b**2 + 2 - 3*b**3. Give a(m).
-6
Let z(w) be the second derivative of 13/2*w**2 + 0 - 24*w + 23/6*w**3 - 1/20*w**5 - 7/4*w**4. What is z(-22)?
-9
Let k(y) = -7*y + 23. Let r be 2/(-11)*1419/(-86). What is k(r)?
2
Let m(n) be the second derivative of -n**5/60 - n**4/12 - 75*n**2/2 + 178*n. Let c(g) be the first derivative of m(g). What is c(0)?
0
Let j(v) = 3*v**3 - 24 + 24 + 11*v**2 - v - 3*v**2 - 7*v**2. Let i = 1 + 0. Let f be j(i). Let b(g) = g**2 + 2*g - 4. Calculate b(f).
11
Let g(v) = 3277*v. Let p(k) = 188*k. Let m(b) = 5*g(b) - 87*p(b). Determine m(0).
0
Let f(n) = -n - 1. Let u(w) = 9*w + 120. Let t be u(-13). Suppose 3*p - 3*l = 0, -t*p = 2*p - l - 4. Calculate f(p).
-2
Let t(h) = 4*h**3 + 8*h**2 + h - 5. Let n(j) = 7*j**3 + 15*j**2 + 3*j - 9. Let q(w) = 3*n(w) - 5*t(w). Let f be (182/(-39) - -4)*6. What is q(f)?
-2
Let n(u) = -u**2 + 9*u + 9. Suppose 4*b = s - 2, -89*s = -92*s - 5*b + 40. Give n(s).
-1
Let c be (-48)/(-16)*8/(-3). Let v(o) be the first derivative of -o**4/4 - 7*o**3/3 + 9*o**2/2 - 9*o - 160. Determine v(c).
-17
Let i(z) = 2*z. Let h = -5058 - -5059. What is i(h)?
2
Let v(j) be the second derivative of 5/12*j**4 - 1/2*j**3 + 0 - 1/20*j**5 + j**2 - 16*j. Calculate v(4).
6
Let u be (-2)/(-4) + 38/4. Let t(h) be the third derivative of 2*h + 0*h**4 + 0 + 209*h**2 + 1/6*h**5 - 1/120*h**6 + 4/3*h**3. Determine t(u).
8
Let b(z) = z**3 + 3*z**2 - 5*z - 1. Suppose 42*y + 6 = 39*y. Let c(n) = 2*n**2 - 3*n - 18. Let o be c(y). Determine b(o).
3
Let w(x) = -12*x**3 + 8*x**2 - 6*x - 11. Let o(y) = 14*y**3 - 8*y**2 + 7*y + 12. Let n(m) = 5*o(m) + 6*w(m). What is n(3)?
9
Let w(o) be the third derivative of o**5/60 - o**4/2 + 5*o**3/2 + 6*o**2 - 356*o. Gi